 m(x).
3
Suppose -5*x - 1 = -2*g, 0*g = g - x - 2. Suppose 2*d + 3*a = 29, -g*d + 2 = -2*a - 9. Let i(p) = -6 + 2*p - p + d. Calculate i(-7).
-6
Suppose 63*t = 59*t + 12. Let j(u) be the first derivative of -u**4/4 + u**3 + 3*u**2/2 - 3*u - 4. Give j(t).
6
Let b(x) = -5*x + 6. Let r(n) = 4*n + 1. Let m(p) = b(p) + 3*r(p). Determine m(-8).
-47
Let p be (-12)/(-18) + 80/6. Suppose 3*g - 29 = -p. Let t(q) be the first derivative of -q**4/4 + 2*q**3 - q**2/2 - 4*q + 1. What is t(g)?
16
Let s(c) = 11*c - 18. Let m(q) = 16*q - 18. Let r(w) = 2*m(w) - 3*s(w). Calculate r(14).
4
Let w(s) = -s**2 - s - 8. Let k = -12 + 8. Let t = k + -4. Let z = t - -8. What is w(z)?
-8
Suppose -1 - 7 = 4*u + 4*j, 0 = 2*u - 5*j - 24. Let i(v) be the second derivative of v**3/6 + v**2/2 + v. Determine i(u).
3
Let f(q) = -2*q**2 + 7*q + 1. Let t = -157 - -162. Determine f(t).
-14
Let t = -118 - -126. Let d(c) = -t - 9 + 7*c + 16 - 4 - 2*c**2. Determine d(4).
-9
Let a be (-2)/(-6) + 110/(-33). Let z = -1 + a. Let k(j) be the second derivative of -j**4/12 - 2*j**3/3 + j**2 + 11*j. Calculate k(z).
2
Let q = -18 + 14. Let a(v) = -v**3 - 3*v**2 + v + 2. What is a(q)?
14
Let s(m) be the second derivative of m**3/6 + 9*m**2/2 + 10*m - 2. What is s(-9)?
0
Let a = -73 + 79. Let o = 2 - a. Let y(j) be the first derivative of j**3/3 + j**2 - 3*j + 1. Determine y(o).
5
Suppose 3*r + 5*x - 22 = 0, -5*r + 11*x + 18 = 10*x. Let q(u) = 2*u - 7. Calculate q(r).
1
Let j(r) = -r**2 - 9*r + 2. Suppose 10 = 8*t + 34. Let c(q) = -q**2 - 10*q + 2. Let s(i) = t*c(i) + 4*j(i). What is s(-6)?
2
Let q(l) = 88*l - 703. Let s be q(8). Let h(y) = -45*y**2 - 1. Determine h(s).
-46
Let k(r) = -r**3 - 3*r**2 + 2*r + 1. Let l(w) = -16*w + 283. Let y be l(18). Give k(y).
41
Let b = 358 + -362. Let q(z) = -z**3 - 4*z**2 + 4*z - 7. Calculate q(b).
-23
Let c(n) = -2*n + 10. Let v be c(4). Let l(m) = 3 - 4 + v - m + 3*m. Determine l(3).
7
Let o(i) = 2*i + 1. Suppose -16*c + 21 = -9*c. Suppose -w = 3*r - 11, r - c*w + 11 = -7*w. Calculate o(r).
11
Let c(j) be the first derivative of -j**4/2 + j**3/3 - j**2/2 - 109. Give c(1).
-2
Let s(y) = -8*y + 21*y - 12*y - 3. Calculate s(-5).
-8
Let b(m) = m**2 - 4 - 2 - 56*m - 2*m**2 + 51*m. Determine b(-3).
0
Let v(b) = -b**2 - 5*b + 3*b + b + 2. Let d be 2 + (0/(-1 + 0))/1. Suppose -3*x = 3*i - 3, d*x + 3 = 4*i - 7. Determine v(i).
-4
Let c = -7 + 2. Let i(x) = -1. Let h(s) = -s**2 + 6*s + 5. Let r(p) = c*i(p) + h(p). What is r(7)?
3
Let o be (-520)/(-12)*(-3)/1. Let l be (0 - -1)/(o/(-15) + -9). Let g(p) = -1 + 0 - p + 2*p**2 + 4*p. Give g(l).
8
Let k(u) = 17851 - 2*u - 2*u + 3*u**2 - 17857 - 2*u**2 + 7*u. What is k(-7)?
22
Let t(z) = z**3 - 9*z**2 + 11*z + 3. Let m be t(8). Let p = -31 + m. Let u(b) = b + 7. Let o(a) = -a - 7. Let s(g) = p*o(g) - 3*u(g). Determine s(-4).
3
Let k(o) = -3*o + 35 - 25 - 11 - 10*o**2. Calculate k(-2).
-35
Let o(i) = i**2 + 19*i - 24. Suppose 89 = -13*x - 171. What is o(x)?
-4
Suppose 385*p + 88 = 407*p. Let l(i) be the second derivative of 1/10*i**5 - 1/12*i**p + 0*i**2 + 0 - 1/6*i**3 + 11*i. What is l(-1)?
-2
Let w(s) = -s**2 + s + 1. Suppose -5*x = -155 - 10. Suppose 15*v - 49 = 26. Suppose -g - v = -0*g, -5*g = 4*u + x. Determine w(u).
-5
Let u be (4 - 0)/(7 + -5). Suppose u*j + 0*b = -2*b, -4*j + b = -20. Let d(z) = 0*z**2 + 4*z**2 - 9*z + j + z**3 + 12*z. Calculate d(-4).
-8
Let p(r) = 2*r**2 + 9*r + 8. Let u(q) = -3*q**2 - 17*q - 16. Let s(d) = 5*p(d) + 3*u(d). Let o be 0/1 + (-43)/((-387)/54). What is s(o)?
-8
Let u = -4 - -6. Let h(w) be the first derivative of w**4/4 - w**3 + w**2 - w + 7. Determine h(u).
-1
Let i(k) = 3*k**3 + k**2 - 2*k + 1. Let b(o) = -6*o + 31. Let p be b(5). Give i(p).
3
Let w(g) = 17*g - 9 + g**2 + 5 - 12 - 27*g. What is w(11)?
-5
Let c(y) = -5*y + 3. Let s be (156/36)/((-1)/3). Let q be (s - -12)/((-2)/6). Give c(q).
-12
Let p(q) be the second derivative of -22*q + 1/3*q**3 + 3/2*q**2 + 0. What is p(-3)?
-3
Let g = -18 + 22. Let n(a) = 2*a - 6. Let f(w) = 7*w - 6. Let b(x) = -x. Let s(i) = 5*b(i) + f(i). Let p(v) = -4*n(v) + 5*s(v). Calculate p(g).
2
Let f(i) = -3*i**2 - 3*i - 5. Let b(x) = 3*x + 14. Let o be b(-7). Let c(z) = 5*z**2 + 7*z + 9. Let a(v) = o*f(v) - 4*c(v). Determine a(6).
-7
Let x(p) be the second derivative of -p**4/12 + 4*p**3/3 - p**2 - 2*p - 39. Suppose r - 5 - 2 = 0. Give x(r).
5
Let n = 78 - 71. Let s(x) = -11 - n - 5*x + 18. Give s(-1).
5
Let f(b) = -6 + b + 17 - 14. Let j(v) = -v + 14. Let g be j(8). Let d(y) = -1. Let i(m) = g*d(m) - f(m). Calculate i(-4).
1
Let i(w) be the second derivative of -7/24*w**4 + 2/3*w**3 - 4*w + 0*w**2 - 1/120*w**5 + 0. Let p(n) be the second derivative of i(n). What is p(5)?
-12
Suppose -227 + 3 = 32*a. Suppose r = 3, 3*r - 13 - 8 = -4*k. Let c(w) = -k - w - 4 - 3. Give c(a).
-3
Let y(k) be the third derivative of -k**5/60 + 5*k**4/24 - 2*k**3/3 - k**2. Suppose 0 = -19*b + 16*b + 63. Let q = 26 - b. Give y(q).
-4
Let v(g) be the second derivative of 25*g**4/12 - g**2/2 + 204*g. Determine v(1).
24
Let q(a) = 9 + a**3 + 298*a**2 + a + 0 - 603*a**2 + 298*a**2 - 2*a**3. Determine q(-7).
2
Let t = 3 + 0. Suppose j = 2*r - 1, 4 = -r + t*j - j. Let y(x) = 2*x - 1 - 3*x**2 - 3*x**r - 3*x**2 - x**2. Determine y(1).
-9
Let v(f) be the first derivative of -9*f**2/2 + 8*f - 16. Let z(n) = -8*n + 7. Let x(p) = 4*v(p) - 5*z(p). Calculate x(-3).
-15
Let w(d) = d**3 + d**2 + 2. Suppose 6*x - 13 = -7. Suppose 5*f - 4 = 2*z, -2*f = -4*z - 7 - x. Calculate w(z).
-2
Suppose 2*d - 7 + 3 = 0. Let u = 72 - 72. Let m(x) = 3 + 4*x**2 + u*x**2 + x**2 - 4*x - 4*x**2. Calculate m(d).
-1
Suppose 2*s + 4 = 3*s. Suppose 0*k = s*k. Let w(i) = -4*i**2 - 3 + 3*i + 5*i**2 + k*i**2 + i. What is w(-5)?
2
Let v(s) = -4*s + 9*s - 1 + s + 2. Let g(d) = 5*d + 2. Let n(z) = 5*g(z) - 4*v(z). Calculate n(-9).
-3
Let l(z) = 15*z - 2364 + 10*z - 16*z + 2398. Give l(-6).
-20
Let p(x) = -3*x + 20. Let d be p(7). Let z(y) = 5*y - 1. Determine z(d).
-6
Let k(n) = 11*n + n**2 - 12*n - 6*n. Determine k(7).
0
Let t be (-2)/(-7) + 2 + 10/(-35). Let a(l) be the second derivative of -2/3*l**3 + 0 + 1/2*l**t - 3*l - 1/6*l**4. What is a(-3)?
-5
Let a(j) = -12*j**3 + j. Let u be ((-73)/(-511))/(2/(-14)). What is a(u)?
11
Let r = 8 - 5. Suppose -2*o + r*i = o + 12, -11 = -4*o - 5*i. Let a(j) be the first derivative of 9*j**2/2 + j + 10. Determine a(o).
-8
Let c(u) = -2*u**3 + 6*u**2 + 10*u - 13. Let l be c(4). Let g(k) = -k**3 - 5*k**2 + 4*k + 8. Determine g(l).
-12
Let a(r) = 6*r - 53. Suppose 170*g + 30 = 2*j + 174*g, 4*g + 6 = 2*j. What is a(j)?
1
Let h(v) = 7*v**2 - 11*v + 7. Let k = 47 - 41. Let t(g) = -8*g**2 + 12*g - 7. Let a(c) = k*t(c) + 7*h(c). Calculate a(5).
7
Let t(i) = i**3 - i**2 + 3*i + 3. Let p be t(-1). Let l(c) = -c**3 + 0*c**2 + 0*c**2 + c + 8 - 6. Give l(p).
8
Let w(z) = -z**3 - z**2 + z + 47. Suppose 14*s = -19*s. Give w(s).
47
Let x = -226 - -227. Let s(o) = o**3 + o**2 - o + 1. Let i(w) = -8*w**3 - w**2 + 3*w**2 + 3 - 5*w + 3*w. Let a(j) = i(j) - 2*s(j). Determine a(x).
-9
Let g(i) = -i**3 + 2*i**2 + 3*i. Let y be 3 - (40/8 - 0). Give g(y).
10
Let d(x) = 4*x**3 + 10*x**2 - 15*x + 9. Let z(a) = -a**3 + 2*a**2 - a + 1. Let b(c) = -d(c) - 5*z(c). Calculate b(19).
5
Let q = 79 - 71. Suppose 5*i + 38 = q. Let h(g) = g**3 + 6*g**2 - 3. Calculate h(i).
-3
Suppose 6*x = 2*x + 20. Let r(u) be the second derivative of -1/2*u**4 - 4*u + 5/6*u**3 - 1/2*u**2 + 0 + 1/20*u**5. What is r(x)?
-1
Let u(p) be the first derivative of p**2/2 - 2*p - 460. What is u(-3)?
-5
Let g(k) = -4*k + 3. Let z be g(13). Let w = -52 - z. Let n(f) = -f**2 - f + 1. Let r(s) = 7*s**2 + 6*s - 7. Let t(x) = 5*n(x) + r(x). Give t(w).
13
Let b be 10 + (-1 - -3) - 4. Suppose -24 = -0*y - b*y. Let t(v) = 2*v - 2. Calculate t(y).
4
Suppose -2*w - 22 = 5*v - w, -4*v - 11 = 3*w. Let f = v + 11. Let d(y) = 2*y - 9. Calculate d(f).
3
Let r be 6/4 - 23/2. Let i(u) = u**2 - 9*u + 4. Let j be i(4). Let l be j/r*5/2. Let p(b) = -b**2 + 4*b - 4. Determine p(l).
-4
Let x(p) = -p + 5. Let f be x(4). Suppose 0 = 4*d - 4*i, -3*d + 4*i + 3 = f. Let u(v) = 3*v + 2. What is u(d)?
-4
Let c be (-2)/(-5) - (-2)/(-5). Let m(u) = -6 - 11 + 433*u - 868*u + 434*u. What is m(c)?
-17
Suppose 3*q = 7*q. Let v(s) be the third derivative of -1/120*s**6 